8833 - 1224. Is n a prime number?
True
Suppose -3*j + v = -4*v + 25, -5*j - 5*v = -25. Suppose -o - 2*o = d - 173, -3*o + 183 = 3*d. Suppose -3*t + 301 + o = j. Is t a composite number?
True
Let m(i) = -2 - 88*i + 61*i - 106*i. Let r be m(-4). Let v = r + -237. Is v a composite number?
False
Let n be (-6 - 8/(-1))/((-2)/16). Let o be (-1)/(-4) + (-30)/(-8). Is (-44)/((n/o)/2) composite?
True
Let k be 2/(-1)*(3 + -2). Suppose -11*o = f - 10*o - 1121, 5*f - 5615 = 5*o. Is f/54 - k/9 a prime number?
False
Suppose -w - 2 = -0*w, -3*w + 42 = 3*f. Suppose -5*b = 1 - f. Suppose 2*t = s - 39, 25 = 3*s + b*t - 137. Is s a prime number?
False
Let g be (-95)/(-5)*1*-1. Is (-1 - 0)/(g/2983) composite?
False
Let f = 4709 + 5298. Is f a composite number?
False
Let j(b) = 56*b**2 - 11*b + 37. Is j(4) a prime number?
False
Suppose -2*p = 4*d + 72, 4*d + 0*p - 2*p + 72 = 0. Is ((-25)/15)/(2/d) prime?
False
Let x(u) = u**3 - 5*u**2 - 8*u + 14. Let s be x(6). Suppose -1473 = -v - s*v. Is v a composite number?
False
Is (-8211)/(-23) + 4*1 a prime number?
False
Suppose 0 = 4*g - 5*h - 1869, 3*h + 1368 = 3*g + 6*h. Let c be (1 + 0)*(g - -2). Suppose -3*t + 2859 = f, 2*t - 3*f - 2369 = -c. Is t a prime number?
True
Let j(c) = 11*c**2 + 5*c - 12. Let u be j(-10). Suppose -6*x = -5*x - u. Is x/4 + 15/(-30) a composite number?
True
Let z = 9527 - 4709. Suppose -2*r = -8*r + z. Suppose -t = 2*l - 321, -5*l + 0*t - 2*t = -r. Is l prime?
False
Let f(j) = -166*j + 6. Let g be f(-12). Suppose 2*x = -u + 527, 3*x - g = -5*u + 616. Is u composite?
False
Suppose -2*d + 5*h - 14 + 527 = 0, -d = 2*h - 252. Let v = -125 + d. Is v a prime number?
False
Suppose s + r = -4 - 7, -5*s - 3*r = 45. Is 391 + 10/(-15)*s prime?
False
Let k be 7 + -4 + -1 - (-16994 - 1). Suppose 0 = r - 3*r + 2*v + 11334, 5*v = 3*r - k. Is r prime?
True
Let x = -52 + 20. Let w be (3/(-2))/((-48)/x). Is 7*w/(2/(-158)) a composite number?
True
Let c(k) = k**2 - 13*k - 14. Let x be c(14). Suppose x = -3*t + 5*l + 11, -2*l + 9 = 3*t - 5*l. Suppose 12 = t*o - 118. Is o a composite number?
True
Let l be (-1 - -10)/(2/282). Suppose 5*a = 191 + l. Suppose -4*c - 2*f = -a, -c = -0*c - 3*f - 80. Is c prime?
False
Let t(m) = m**3 + 1. Let s(o) = 2*o**3 + 19*o**2 - 19. Let x(h) = s(h) - 3*t(h). Is x(15) composite?
True
Suppose 21*j - 15 = 16*j. Let c(t) = -11 + j*t**2 + t - 3*t + 7. Is c(-13) composite?
True
Suppose w = 17 - 50. Let s = w - -92. Is s composite?
False
Let h(v) = 17*v - 1. Let r be h(1). Suppose 24*u - 70 = 19*u. Is (-104)/r*u/(-1) prime?
False
Suppose 8*a - 5922 = 3*a - 2*i, 2*a = i + 2376. Suppose 5*s + 0*s - 5870 = -5*u, s = 3*u + a. Is s a prime number?
False
Suppose -26 = -5*m + i, -m + 0*i = i - 4. Suppose 0*p = m*p + 10. Is (-314)/(2/p) + 3 a composite number?
False
Let x be ((-59)/3)/((-2)/(-6)). Let i = 146 + -282. Let j = x - i. Is j composite?
True
Suppose -z - 4 = 4. Let f = 8 + z. Suppose -276 = -2*n - 2*h, -3*n + f*n = 4*h - 419. Is n a composite number?
True
Suppose 40*c - 31*c - 93485 = -j, 2*c - 280505 = -3*j. Is j composite?
False
Let j(y) = -18*y + 6. Let c be j(-3). Let q be (-2)/(2 + c/(-25)). Is 4/10 + 2043/q composite?
False
Let o = -80 - -269. Let v be (-2)/8 + o/36. Suppose v*q - 15 = 0, -68 = 2*z - 3*z - 5*q. Is z a prime number?
True
Let j(a) = -6*a - 49. Let n be j(-9). Suppose -1795 = -n*k - 2*s - s, 3*k - s = 1077. Is k a composite number?
False
Let y = -545 + 1198. Suppose -c + 2*x = -641, 2*c - y = -4*x + 589. Is c a prime number?
True
Is ((2 - -1 - 2) + 8706)*1 a prime number?
True
Let o(w) = -2*w**3 + 2*w**2 - 3*w + 2. Let s be o(2). Let h = -9 - s. Is 107/3 + (-2)/h prime?
False
Let u = 232 - -341. Is u prime?
False
Let f = 89235 + -40673. Is f a prime number?
False
Let k = 1411 + 568. Is k prime?
True
Is (-189)/45 + (-2)/(-10) - -19665 a composite number?
False
Let k(i) be the first derivative of -83*i**4/8 + i**3/3 - i**2 - 5. Let q(v) be the second derivative of k(v). Is q(-1) prime?
True
Let h be (18/3)/(3/108). Let t = h + -89. Is t composite?
False
Let g(x) = 76*x**2 - 7*x + 45. Is g(8) composite?
True
Suppose 5*l - 113863 + 22367 = -p, -5*l = -4*p - 91491. Is l a composite number?
True
Suppose -6*q + 1261 = -84425. Is q a composite number?
False
Let y = -85526 + 173643. Is y composite?
False
Let q(d) = d**3 + 10*d**2 - 13*d - 15. Let n be ((-2)/(-3))/((-10)/(-45)). Suppose n*f = f - 20. Is q(f) a composite number?
True
Let w(m) = 7884*m - 493. Is w(3) a composite number?
False
Suppose 0 = 7*c - 322 - 1883. Let s(m) = m**3 - 2*m**2 + 5*m + 4. Let b be s(-4). Let q = c + b. Is q prime?
False
Suppose 3*t = -n + 897 + 4136, 5*n - 25187 = -4*t. Is n composite?
False
Suppose -24*p + 29*p + 20 = 0. Let k(h) = -28*h + 7. Is k(p) composite?
True
Let f be 6/(-9) + (-335)/15. Let x = f - -32. Is (6/x)/(2/318) a prime number?
False
Suppose i - 6396 = -3*i. Let q = -544 + i. Is q prime?
False
Let b(f) = f**3 - 14*f**2 - 15*f + 5. Let m be b(15). Let q(p) = 4*p**2 - 5*p - 10. Is q(m) composite?
True
Suppose 5*d + 2*u - 301961 = 6*u, 0 = -4*d + u + 241560. Is d a prime number?
False
Suppose 19*f = 20*f + 170. Suppose 13*w - 10*w = -273. Let h = w - f. Is h a prime number?
True
Let m(n) = -n**3 + 2*n**2 - 2*n - 1. Let u be m(-2). Let p(i) = -i**2 + 12*i + 13. Let d be p(12). Suppose 0 = d*y - 12*y - u. Is y a composite number?
False
Suppose 2*f + 8 = -2*f + 4*s, -3*f + 2 = 5*s. Is -2 - (-1 + -3785 + f) a composite number?
True
Suppose 6740 - 832 = 28*u. Is u prime?
True
Let v(o) = -15*o**3 + 10*o**2 - 20*o + 20. Is v(-9) a prime number?
False
Is 24874/8 - 9*13/468 composite?
False
Let f(d) = -2183*d - 872. Is f(-65) a prime number?
True
Let h be -1 + 2 - (549/3)/(-1). Let p = h - -25. Is p prime?
False
Let u = 9636 + -289. Is u composite?
True
Suppose 0 = -c - 2, c = -2*y + 6*c + 21804. Is y prime?
False
Let l be (16 - 15)*(4 - 2). Is ((-14564)/(-6))/l + 10/(-15) prime?
True
Suppose 138680 = 19*a - 101879. Is a prime?
False
Suppose 5*k = 3*k + 10. Let f = 430 - -371. Suppose k*y = 2*y + f. Is y a prime number?
False
Let c = 4 + -2. Let i(k) = c + k + 6*k**2 - k**3 + 3 + 6*k - 2*k. Is i(5) a prime number?
False
Suppose -2*t + 4*t = 3*s + 4752, 4*s + 6336 = -5*t. Let p = s + 2735. Is p prime?
True
Let k be (-174)/(-54) + (-2)/9. Let h(n) = 25*n**2 - n + 1. Let y(v) = -13*v**2. Let p(m) = k*h(m) + 5*y(m). Is p(2) composite?
False
Is 189010/15 + 3/9 a composite number?
False
Suppose -7501 + 1457 = -4*u + 3*p, u = p + 1511. Is u a composite number?
False
Suppose 0 = 16*q - 88738 - 186606. Is q prime?
True
Suppose 2*j + 1262 = 4*r - 1384, 2*j = 2*r - 1328. Is r a composite number?
False
Let r(n) = 3029*n**3 - 18*n + 37. Is r(2) composite?
True
Is 304436/12 + (-8)/3 a composite number?
False
Let j(s) be the second derivative of s**5/20 + s**4/3 - 11*s**3/6 + 9*s**2/2 + 31*s. Is j(5) prime?
True
Suppose 26318 = -29*a + 92467. Is a a composite number?
False
Let z be (0/(6/(-3)))/(-2). Let l be 1/(4/12) + z. Suppose 2*a - 324 = o, l*a - 799 = -2*a - 3*o. Is a composite?
True
Suppose 31 - 6 = -q. Is -1 + ((-32905)/q - 1/5) a composite number?
True
Let u = 18877 - 660. Is u a prime number?
True
Suppose -8*z - n + 17964 = -3*z, 17963 = 5*z + 2*n. Is z composite?
False
Suppose 5*m - 2*m - 3*r = 4497, 4*r = -2*m + 2986. Let q = 2111 - m. Is q prime?
False
Suppose 5*u - 8 = 7*u. Is (-99 - -7)*41/u a prime number?
False
Let g be ((0 - -2)/(-4))/((-3)/18). Suppose -1004 = -3*v - v - 2*m, m - 753 = -g*v. Is v a composite number?
False
Let p = -363 - 137. Let f = -277 - p. Suppose -y + f = -34. Is y prime?
True
Let f be 9/(-6) + 1765/10. Let s = f + 2218. Is s a composite number?
False
Is (8076/(-15))/((-5)/(-25)*-2) a composite number?
True
Suppose -2*a = -2167 - 1509. Is a a prime number?
False
Let u(b) = 15*b**2 + 29*b + 1. Is u(-13) a prime number?
False
Let t(m) = -6*m**2 + 2*m + 23. Let o be t(6). Let r = 160 - o. Is r a composite number?
True
Let x(t) = -t**2 + 6*t + 20. Let b be x(10). Let l(u) = 4*u**2 + 24*u + 3. Is l(b) a composite number?
False
Suppose -5*x + 0*x = -151135. Is x composite?
True
Let r(p) = -5*p - 3. Let q be r(7). Let z = -61 + 36. Let n = z - q. Is n prime?
True
Let l(d) be the second derivative of -d**5/20 + d**4/2 + 3*d**3/2 - 3*d**2/2 - d. Let i = -166 - -173. I